b(j) = -j**2 + 8*j**2 - 1 + h*j**2 + j. Give b(d).
7
Let f = -15 - -15. Suppose f = 4*v - 27 + 11. Let n(m) = m**3 + 8 - 4*m - 6 + m + m - v*m**2. Give n(4).
-6
Let a(o) = -12 + o - 6 + 4*o**2 - 3*o**2 + 20. Determine a(-5).
22
Suppose -2*c + 7*c - 5 = 0. Let a be 14/(-4)*8/(-14). Let i(v) = 1 - a + 2 + 8*v. What is i(c)?
9
Let i(w) = -w - 9. Suppose 20*l + 65 = 7*l. Determine i(l).
-4
Let f(o) = -11*o**2 + 6*o + 2. Let p(a) = 2*a**2 + a - 1. Let k(c) = -f(c) - 5*p(c). What is k(11)?
3
Suppose -r = 4*d - 21, -2*d = 3*d - 4*r. Suppose g - 2*g = -d. Let v(k) = 3*k**2 + 2*k + 4 - 3 - 5*k**3 + 5*k**3 - k**3. Determine v(g).
-7
Let b(n) = -100*n - 103*n - 4 - 93*n + 301*n. Calculate b(0).
-4
Let i(u) = -u**2 + 7*u - 7. Let z be i(4). Suppose 0 = -7*j + 6*j + z. Let n(k) = -k + 6. Determine n(j).
1
Let t = -71 + 78. Let r(b) = b**3 - 8*b**2 - 3*b + 1. Let j(w) = -2*w**3 + 17*w**2 + 7*w - 1. Let g(k) = t*r(k) + 3*j(k). What is g(4)?
-12
Let z = -9 + 0. Let k be (-2)/z - 22/18. Let l(d) be the first derivative of -3*d**4 + d**2 + d - 11. Calculate l(k).
11
Let q(w) be the first derivative of -w**4/4 - 2*w**3 - 2*w**2 - 2*w + 1048. Let f = 6 + -3. Suppose d = -4*l - f*d, 2*d = 10. Determine q(l).
-7
Suppose -16 = -2*g + 5*j, -2*g + 21 = 3*g - 3*j. Suppose 0 = 2*b + 4*d, -g*b + 2*b - 3 = 3*d. Let h(n) = n**2 - 6*n + 1. Calculate h(b).
1
Let n(p) = -3*p**3 - 7*p**2 + 10*p - 12. Let k(d) = d**3 + 4*d**2 - 4*d + 6. Let t(i) = -5*k(i) - 2*n(i). Let j = 5 + 1. Give t(j).
-6
Let v(w) = w**2 - 3*w - 2. Let t be -3*(0 + 1) + (8 - 2). Determine v(t).
-2
Let i be (18/(-15))/((-2)/(-10)). Let g(k) be the first derivative of k**4/4 + 5*k**3/3 - 3*k**2 + 4*k + 179. What is g(i)?
4
Let i(h) = -4*h + 20. Let q(l) = 2. Let r(j) = -i(j) + 12*q(j). Calculate r(-2).
-4
Let y(a) = 13*a**2 + 11*a - 13. Let m(h) = -10*h**2 - 8*h + 9. Let o(p) = 4*m(p) + 3*y(p). Let j be (-1)/3 - 26/3. Let n be j/(-3) - (1 - 1). Give o(n).
-9
Let y be (-75)/20 + -3 + 99/36. Let p(b) be the second derivative of b**4/12 + b**3/3 + b**2 - 2*b. Give p(y).
10
Let l = 25272 + -25273. Let m(d) = 22*d**3 + 4*d**2 + 2*d - 4. Let i(j) = 43*j**3 + 7*j**2 + 3*j - 7. Let v(p) = 3*i(p) - 5*m(p). Determine v(l).
-18
Let v(k) be the first derivative of -k**4/4 + 5*k**3/3 + k**2 - 4*k + 2. Let j = 48 - 43. What is v(j)?
6
Let o = 90 - 60. Suppose 27*n - 9 = o*n. Let p(y) = 2*y - 4. Determine p(n).
-10
Let w(m) = 23*m + 9. Let c(l) = -8*l - 6 - 3 + 6. Let p(f) = 17*c(f) + 6*w(f). Give p(-4).
-5
Let b(i) = -i**3 + 6*i**2 + 2*i + 3. Let v = 28 - 21. Determine b(v).
-32
Let m(r) be the second derivative of r**4/12 - 3*r**2/2 + 2*r - 189. Give m(-3).
6
Let b(r) = r**2 - 12*r + 15. Suppose 2*k = -99 + 119. Calculate b(k).
-5
Suppose -1762*w + 1753*w = -9. Let y(k) be the first derivative of -k**4 - k**2/2 - 1. Determine y(w).
-5
Let t(d) = -3*d + 0*d**2 - d**3 - 6*d**2 + 11*d + 4. Let g(i) = -i**3 + i**2 + i - 7. Let y be 8/(-36) - 6/(-27). Let u be g(y). Give t(u).
-3
Suppose 0 = -6*x + 3*x - 5*a + 31, x + a - 7 = 0. Let h(w) be the second derivative of 0 + 1/6*w**3 + w**x - 6*w. What is h(-3)?
-1
Let b(f) = f**2 + 5*f - 7. Let c be 4/(-3)*18/(-12). Let d be -2 + c + (-40)/2. Let m be d/(-6)*(-6)/4. Give b(m).
-7
Suppose -3*l + 11 = -1, -l + 10 = 2*d. Suppose d*f = 3*u + 7 + 5, -5*f + u + 8 = 0. Let t(h) = 6 - f - 15*h + 14*h. Calculate t(0).
5
Suppose -5*k + 1 = -q, -3*k = -4*q - 4*k - 4. Let m(s) = 20*s**2 - 19*s**2 + 1 - 2. Determine m(q).
0
Let u(i) = i**3 + 27*i**2 + 24*i - 52. Let y be u(-26). Let d(w) be the third derivative of 0*w**4 - w**3 - 1/60*w**5 + 0 + 2*w**2 + 0*w. Determine d(y).
-6
Let o = -6/161 - -173/322. Let f(l) be the second derivative of 0 - 4*l - 2/3*l**3 + 1/6*l**4 - o*l**2. Give f(3).
5
Let s(h) = 11*h**2 - 10*h**2 + 0 + 6*h - 4 - 5*h. Calculate s(5).
26
Suppose -10 = -v - 13, 0 = 4*k + v - 17. Let d(h) = 4*h**2 + 5 + 2*h - h + h**3 - 10*h**2. What is d(k)?
-15
Let o = -4479 - -4473. Let y(g) = 2 - 2*g**3 + 7*g**2 + 3*g**3 + 5*g - 4. Give y(o).
4
Let z(w) = -w**2 - 8*w - 5. Let o = -395 - -389. Determine z(o).
7
Let i(t) be the second derivative of -t**5/20 - t**4/2 - t**3/3 - 2*t**2 - t. Let g be 22*6/(-36)*-3. Suppose 3*q = 2*r - 14, 3*q + g - 1 = 4*r. Give i(q).
8
Let y(f) = -44*f**2 + 61*f**2 - 4 - 29*f**2 - f - f**3 - 3 + 3. What is y(-12)?
8
Let y be -3*5/45 - 17/3. Let f(u) = u**3 + 7*u**2 + 5*u - 2. Let a be f(y). Let r(s) = s**3 - 5*s**2 + 5*s. Give r(a).
4
Let w(r) = -3*r**2 + 8*r - 6. Let q be 6 - ((-1050)/(-255) - 2/17). Give w(q).
-2
Let c(o) be the second derivative of -o**5/20 + o**4/12 + o**3/3 - 3*o**2/2 - 13*o. What is c(2)?
-3
Let d(p) be the third derivative of 0*p - 1/120*p**6 + 0 + 2*p**2 - 7/60*p**5 + 5/6*p**3 - 5/24*p**4. Determine d(-6).
-1
Let v be -1*(-2)/(-2) - 135. Let o = v + 131. Let p(b) = -2*b**2 + 5 + 0*b + 5*b + 3*b**2. Give p(o).
5
Suppose c - 34 = -5*h, 2*c + 0*c = h - 9. Let y be ((-6 - -3) + 2)*-2. Let o(g) = 2*g - h - 5*g**y + 0*g - 6*g**3 + 7*g**3. What is o(5)?
3
Let d = 216 + -219. Let j(h) = h**3 - h**2 + 2*h + 4. Give j(d).
-38
Let j = -1 - 10. Let v(d) = -d - 6. Let w(u) = 2*u + 11. Let c(o) = j*v(o) - 6*w(o). Determine c(2).
-2
Let v(t) = -7*t - t**3 + 15 + 0*t**3 + 36*t**2 - 25*t**2 - 4 - 20*t**2. Determine v(-8).
3
Suppose -3*q - j = -3*j - 15, -10 = -2*q + 4*j. Let u = -8 + 16. Let y(r) = 5 - 6 + u - 2*r. Give y(q).
-3
Let d(a) = -a**2 - 8*a. Let x(y) = -y**3 - 5*y**2 + 3*y + 7. Let z = -50 + 45. Let k be x(z). What is d(k)?
0
Suppose 0 = 4*v - 9*v + 25. Let c(f) = -2 + 28073*f - 14039*f - 14039*f + f**2. Determine c(v).
-2
Let j(q) = -q**2 + 6*q + 1. Suppose -10*i = 2 - 92. Calculate j(i).
-26
Let s = -1191 + 1194. Let x(y) = -y**2 + y + 5. Calculate x(s).
-1
Let w(t) = 5*t**3 - 6*t**2 + t - 7. Let o(l) = 6*l**3 - 9*l**2 + 2*l - 8. Let d(p) = 4*o(p) - 5*w(p). Determine d(-6).
-15
Let g(t) be the second derivative of -t**5/20 + 7*t**4/12 + t**3/6 + 133*t. Calculate g(7).
7
Let t(w) = 3*w**2 + w + 1. Suppose 4*x = 7*x + 75. Let l = x - -3. Let z = l + 21. Calculate t(z).
3
Let s(m) = 14*m**2 - 11*m**3 - 32*m**2 + 16*m**2 + 3*m**3 + 2*m. Give s(1).
-8
Let x(t) = -15*t**3 - 13*t**2 - 4*t - 2. Let u(q) = -7*q**3 - 6*q**2 - 2*q - 1. Let v(r) = 13*u(r) - 6*x(r). Calculate v(-1).
2
Let c(g) = -6 + 4*g + 2 + 0 + 3. Let i = -56 + 57. Calculate c(i).
3
Let z(d) = -d**3 - 5*d**2 + 6*d + 4. Let j(u) be the first derivative of 3/2*u**2 + 8 + 15*u. Let i be j(-7). Determine z(i).
4
Let x(q) be the third derivative of -q**4/8 + 8*q**3/3 + 23*q**2. Determine x(5).
1
Suppose -4*l - 1 = 5*p + 10, 0 = -2*l + 2*p - 28. Let i(t) = t**2 + 5*t - 5. Calculate i(l).
31
Let o(h) = 1 + 1 + 3 - 6*h**2 - h**3. Let x = 0 + 2. Let p be (0 - 6/(-2)) + (-18)/x. Give o(p).
5
Let d(s) = 3*s**2 - 34*s - 15. Let v(y) = -2*y**2 + 18*y + 8. Let u(r) = 3*d(r) + 5*v(r). What is u(-12)?
-5
Let w = -1 - -3. Let s(k) be the second derivative of 12*k + 3/2*k**2 + 0 - 1/12*k**4 - 1/3*k**3. What is s(w)?
-5
Let b(f) = -52 - 2*f - 48 + 171 - 61. Determine b(7).
-4
Let l(j) = j**3 + 2*j**2 - 2*j - 1. Let t(o) be the first derivative of -o**4/4 - 8*o**3/3 + 5*o**2 + 6*o - 11. Let i be t(-9). Give l(i).
-4
Let u(j) be the third derivative of 0*j + 1/3*j**3 - 4*j**2 + 0 - 1/12*j**4. Suppose -a + 4*a + 16 = 2*w, -4*a - 18 = -2*w. Determine u(a).
6
Suppose -3*r - 3*g = -15, -25*g + 23*g = 3*r - 15. Let h(b) = b**2 - 2*b - 6. Calculate h(r).
9
Let z = 15 - 18. Let g(r) = 3*r**2 + 3*r - 3. What is g(z)?
15
Let g(c) = -8*c**2 - c**3 + 2*c**2 - 3*c + 21412 - 21416. Give g(-5).
-14
Suppose 8*p = 73 + 39. Let m be (p - 6) + (3 - 6). Let b(j) = m - 2 + j**2 + 86*j - 93*j. Calculate b(5).
-7
Let a(x) = -x**3 + 8*x**2 - 5*x + 12. Suppose 5*j = 3*v + v + 19, 2*j = 2*v + 6. Give a(j).
26
Let t be 7 + 8 + -4 + -4. Let s(v) = -12*v + 13*v - 1 - t. Let p be 7 + 0 + (-1 - 2). What is s(p)?
-4
Let j(d) = d**2 + 5*d + 6. Suppose -3*f - 3*p = -4*f - 18, 5*p = 2*f + 31. Let v be ((-4)/(-5))/((6/10)/f). What is j(v)?
2
Let c = 479 - 474. Let i(t) = t. Let q(a) = a**2 - 12*a + 2. Let p(x) = 5*i(x) + q(x). Give p(c).
-8
Let g(u) = u. Let z(y) = -2*y**2 - 8*y + 2. Let f(b) = -10*g(b) - z(b). Let w = 84 + -126. Let c be 56/w*3/(-2). Give f(c).
2
Let k(x) be the first derivative of -x**3/3 + x**2/2 + 6*x + 629.